 23584/w a prime number?
False
Is (9/63)/(12/(-81908946)*(-12)/8) a composite number?
False
Suppose 0*x - 2*x = -8. Suppose -3*a - 18022 + 191584 = -5*o, x*o + 138851 = a. Is o/(-27) - 6/9 prime?
False
Let v = 564155 + -209974. Is v prime?
True
Is 21/56*-8 - -189734 a composite number?
True
Is (-34)/2 - -4024116 - -16 prime?
False
Let o(t) be the third derivative of t**6/120 + t**5/10 - 5*t**3/6 + 7*t**2. Let y be o(-6). Is (-1 - (1 - 3))/(y/(-1865)) a composite number?
False
Let d = 3889 + -3884. Let z(s) be the first derivative of 7*s**4/2 + 7*s**3/3 - 3*s**2 + 12*s + 1. Is z(d) prime?
True
Let w = 141 + -75. Let a be 14/(-35) - w/(-15). Is (-449)/((-45)/35 + a/14) composite?
False
Let a be 405/(((-45)/333)/(-5)). Let u = -8224 + a. Is u a prime number?
True
Suppose -24*x + 21*x - 2513760 = 0. Is 6/(-10)*x/48 a composite number?
True
Let v(w) = 1803*w**2 + 95*w - 815. Is v(8) composite?
False
Let d(g) = -3*g**3 - 24*g**2 + 28*g - 221. Is d(-20) composite?
False
Let b(y) = -y**3 + 10*y**2 + 26*y - 23. Let j be b(12). Is 37043 - (-7 + 7)/j prime?
False
Suppose 3*s + c + 0*c + 9577 = 0, s + 2*c = -3184. Let w = -861 - s. Is w a composite number?
False
Let h = -8 + 10. Suppose h*u = -3*u + 75. Suppose -b = u*b - 26288. Is b a prime number?
False
Suppose -375*m + 5*g = -377*m + 453719, -g = 5*m - 1134332. Is m a prime number?
False
Suppose 294 = -3*j - 4*j. Let r = j - -16. Is (2*-5)/(-1)*(-481)/r composite?
True
Let d = 30492 - -88083. Let m = d - 75529. Suppose m = 14*c + 556. Is c composite?
True
Let f(j) be the third derivative of -1/6*j**3 + 0*j + 1/6*j**4 + 0 + 29/12*j**5 + 41*j**2. Is f(2) composite?
False
Let p be 43497 + -6 - ((3 - -3) + -1). Is p/4 - 36/72 prime?
False
Let q(w) = -7*w + 46. Let m be q(6). Suppose k = -3 + m. Is (1 + -3 + 201)*k a composite number?
False
Let z = 1170 + 4187. Let s = z + -2456. Is s prime?
False
Let x(r) = -5*r**3 - 28*r**2 - 7*r - 85. Let m(w) = 9*w**2 + 21 - 294*w + w**3 - 2*w**2 + 296*w. Let o(n) = 9*m(n) + 2*x(n). Is o(6) prime?
True
Let k(v) = v**2 - 10*v - 41. Suppose -5*s + 8*g = 4*g + 44, 0 = 4*g + 16. Is k(s) a composite number?
False
Let g be 414/69*(-2)/(-3). Is 2939 + (g - 12) - -8 a prime number?
True
Let b(o) = -522*o + 74. Let l be b(-8). Let q = l + 27377. Is q a composite number?
False
Let o(i) = 60*i**3 - 13*i**2 - 20*i + 154. Is o(5) composite?
False
Is (-1827009)/(-36) - 10/8 composite?
True
Suppose 5*r - 68603 = -4*q + 416300, 2*q - 5*r = 242399. Is q composite?
True
Let r(y) = 380*y**2 + 5*y - 13. Let g(j) = -761*j**2 - 10*j + 27. Let d(a) = -3*g(a) - 5*r(a). Let x(z) be the first derivative of d(z). Is x(2) a prime number?
False
Suppose 0 = -2*b - 34. Let n = b - -20. Is (4/(-10))/(4/(-10380)*n) composite?
True
Let n = -42 + 42. Suppose 0 = -n*a - a + 153. Is (-7)/((-3)/a*3) composite?
True
Suppose p - 99 = -26. Suppose 0 = -77*i + p*i + 8. Suppose m - 1030 = -2*w - i*m, 3*w + 3*m - 1551 = 0. Is w prime?
True
Suppose 5*x - 65 - 365 = 0. Suppose -o = -4*l + x, -3*l = -2*l - o - 23. Is l a composite number?
True
Let n be (-138)/(-184) - (-133)/4. Let z(j) = 11*j**2 - 40*j + 37. Is z(n) a prime number?
True
Suppose -5*x - 216 = 5*u - 1031, 0 = -3*u + 3. Let q = x + 331. Is q a composite number?
True
Is 510748 + -71 + -6 + 6 a composite number?
False
Is 57675/3 - (-6 - 4) a composite number?
True
Is (-569055)/6*124/(-310) composite?
True
Let x = 278622 - 171485. Is x a prime number?
True
Suppose j = 5*k - 0*k + 7326, 2*k = 4*j - 29286. Is j + 0/(5 - 1) a prime number?
True
Let l be 0 - 0 - 1*-3. Let q be 4/(-2) + (6 - (-7 - -6)). Suppose -q*o = 2*u - 157 - 22, l*u = 2*o + 297. Is u composite?
False
Let a(v) = -20 + v**2 - 11*v + 2*v - 31. Let m be a(17). Suppose 0 = 81*u - m*u + 1972. Is u a composite number?
True
Let s = -4576 + 17027. Let n = s + 3636. Is n composite?
False
Suppose 22*x - 18*x + 3*t - 414 = 0, 10 = 5*t. Is ((-314)/4)/(-1 + 99/x) a composite number?
True
Let a(x) = 13767*x + 2674. Is a(11) a composite number?
False
Suppose -2*d = 14*c - 15*c + 3885, -c - 4*d + 3861 = 0. Is c a prime number?
True
Let v = -22313 - -54216. Is v a composite number?
True
Let z be (-258555)/(-21) + (-6 - 287/(-49)). Let y = -7475 + z. Is y a prime number?
False
Is (330/(-154))/15*16474682/(-2) prime?
False
Let t = 50 + -46. Suppose -c = 4*c - 3*f - 32, 2*f = -3*c + t. Suppose -7*i + c*u = -4*i - 2701, -2*i - u = -1819. Is i prime?
True
Let j = 19978 + -12939. Is j composite?
False
Suppose -32866 = -4*t + 91166. Let c = -4451 + t. Is c a prime number?
True
Let u = 633 + -337. Let i = u + -177. Suppose -61 = -o - 3*z, 5*o - 4*z + i = 462. Is o a composite number?
False
Is ((-2160356)/(-66) + -12)*3 a prime number?
False
Suppose -321*l + 300994646 = -109*l + 12456922. Is l prime?
False
Let s(z) = -z**3 + 9*z**2 - 9*z + 5. Let y = 167 + -255. Let b be y/(-16) + 1/2. Is s(b) a prime number?
True
Let z(x) = 11*x + 37*x - 72 + 34*x - 45*x. Is z(5) a composite number?
False
Let i be (-2)/(-6) + (1 - (-17485)/15). Let r = -14 - -23. Is ((-24)/r + 3)*i a composite number?
False
Let y be 1/5 - 70/(-25). Let r be y/(-3) - (4 + -3). Is (r - -1991) + -2*(1 + 1) composite?
True
Suppose -5*q - 5*n = -8375, 0 = 3*n - 4*n + 2. Let l = q - -243. Suppose -3*p = -7*p + l. Is p a prime number?
True
Suppose 0 = -6*x + 7*x - 8*x. Suppose -37*m + 22179 + 49934 = x. Is m composite?
False
Suppose 23 = 3*a + 14, 5*a - 35 = 4*w. Is (-2)/w + 1199776/160 prime?
True
Let y = -292545 - -615958. Is y a composite number?
False
Suppose 140*z - 214*z = -1712582. Is z a prime number?
True
Let v(y) = 527*y**2 - 19*y + 73. Is v(7) a prime number?
True
Let p(n) = -n**3 + 26*n**2 - 39*n + 11. Suppose -o - 3*j + 28 = 0, 2*o = -3*o + j + 76. Let q be p(o). Let w = q - 1285. Is w prime?
False
Let u = 71652 - 46351. Is u a composite number?
False
Let j be (-2)/14 - (-656)/(-112). Let q(n) be the second derivative of -33*n**3/2 + 29*n**2/2 - n - 8. Is q(j) composite?
True
Suppose -70 = 11*n + 7. Let l(j) = -520*j - 69. Is l(n) prime?
True
Let g(a) = 9777*a + 13. Let y be g(-2). Let z = y + 27930. Is z a composite number?
False
Suppose 30538 = -27*d - 26783. Let g = d - -7144. Is g a prime number?
True
Suppose -19*f - 10 = -67. Suppose -5*q - n + 38994 = 0, 0 = -3*q - 0*q - f*n + 23394. Is q a composite number?
True
Suppose 0 = -4*u - w + 528, 0*u + 660 = 5*u - 2*w. Let d be u/(-34) + (-6)/51. Is ((-1658)/(-3) - d) + (-2)/(-6) composite?
False
Let g be (8/(-24))/(4/24). Is (7/(-14))/(1*g/3188) a composite number?
False
Suppose -39164 = -9*f + 58315. Is f composite?
False
Suppose 4379 = -28*q + 69703. Is q a composite number?
False
Let x be 57/38*-4*2/(-12). Suppose 0 = -u + x, -6*u = g - 7*u - 4954. Is g composite?
True
Suppose -3*f + 3*x = -987, -4*f + 0*x - 3*x = -1288. Suppose 0 = -16*z + 3*z + f. Is (29 - z) + 362/((-4)/(-2)) a composite number?
True
Let u(i) = -i**3 - 39*i**2 - 118*i + 367. Is u(-60) composite?
False
Let k(m) = m**3 + 11*m**2 + 16*m + 33. Let u be k(-11). Is 13/(u/(-37611)) - (-4)/(-22) a prime number?
False
Let x(w) = 11*w**3 - 5*w**2 - 80*w + 12. Let k(f) = 3*f**3 - f**2 - 20*f + 3. Let o(g) = -9*k(g) + 2*x(g). Is o(-6) prime?
False
Suppose 0 = -5*h + 5*g, -2*g - 16 = -5*h - 5*g. Suppose h*v = -v + 9. Let i(t) = 4*t**3 - 2*t**2 + 4*t - 5. Is i(v) a composite number?
False
Suppose 0 = 4*p - 304920 - 791332. Is p a prime number?
False
Let s be (-12)/(-6)*(-26)/4. Let k(j) = -j**2 - 16*j - 29. Let y be k(s). Is ((-35)/y)/(-7)*514 prime?
True
Suppose -3*v = -2*u - 39883, 0*v + 4*v - 5*u = 53189. Is v a composite number?
False
Suppose 9*g + 2*v + 97038 = 13*g, -2*g + 48524 = -2*v. Is g composite?
True
Let c = 2 + 3. Suppose u + 2*v = -3, v - 3 = -3*u + u. Suppose u*g + 3391 = 5*j, 3393 = 5*j - c*g + g. Is j a composite number?
False
Suppose -3*b + 1500 = -2*b. Let i = -1345 + 642. Let g = b + i. Is g a composite number?
False
Suppose 45*c - 362880 = 262665. Is c a prime number?
True
Let z(s) = -s + 70. Let g be z(25). Suppose -g*r + 17855 = -8290. Is r composite?
True
Let g(q) = -3*q + 51. Let x(b) = -b + 27. Let y be x(11). Let r be g(y). Suppose -r*k + 4736 = 5*j, -3*k - k = 3*j - 2835. Is j a composite number?
True
Let i = 298 + -296. Suppose -4*p + 4538 = i*o - 5*p, -5*o + 11345 = 3*p. Is o prime?
True
Let n(j)